or of 3 and l.
1
Let f = 320 + -312. Suppose -2*a = 3*a - 20. Suppose a*j - 22 = 138. Calculate the greatest common factor of j and f.
8
Let f(y) = 7*y**2 - y - 3. Suppose 3*k + 3 = -6*t + 3*t, k = 2*t - 13. Let b be f(t). Calculate the greatest common divisor of 15 and b.
15
Suppose -3*q = -3*i + 192, -4*i - 2*q = 2*q - 272. Let h = -134 - -178. Calculate the highest common factor of i and h.
22
Let h be (13/(-2))/(1/(-4)). Suppose 5*i - 2*l + l = h, -5 = 5*l. What is the greatest common divisor of 35 and i?
5
Suppose 0*o = -4*o + 864. What is the greatest common factor of o and 24?
24
Suppose 154 = -34*s + 36*s. Calculate the greatest common factor of s and 11.
11
Suppose 5*u + 4*w - 15 = -w, 0 = u + 5*w - 7. What is the greatest common factor of 8 and u?
2
Let v(k) = 7*k - 18. Let w be v(6). Suppose x + 124 = d, 5*d - x = 2*x + 612. Calculate the highest common divisor of d and w.
24
Let h(b) = b - 10. Let m be h(0). Let y = m - -17. Calculate the highest common factor of 77 and y.
7
Suppose 3*i + 0*c = 3*c + 240, 0 = -2*i - 4*c + 160. What is the highest common divisor of 16 and i?
16
Let d = -28 + 50. Calculate the greatest common divisor of d and 33.
11
Let g(q) = -3*q - 1. Let a be 22/18 + 4/(-18). Let x be g(a). Let u(w) = -7*w + 2. Let m be u(x). Calculate the highest common divisor of 12 and m.
6
Let u = 4 + 41. What is the greatest common divisor of u and 5?
5
Let d(q) = -3*q + q**2 - 1 + 16*q**3 + q + q. Let m be d(-1). Let a = 22 + m. What is the greatest common factor of 35 and a?
7
Let s = -73 + 84. What is the greatest common divisor of s and 154?
11
Suppose 0*z = -3*z + 3. Suppose z - 4 = m. Let w be 182/3 - (-2)/m. Calculate the greatest common factor of w and 12.
12
Let y = -6 + 8. Suppose 0*g - g + 3*s = -2, y*g - 5*s = 3. Let x = 7 - g. What is the highest common divisor of x and 56?
8
Let n = -12 + 18. Let o(f) = 2*f**2 + f + 7. Let h be o(0). Suppose h*c - c = 36. Calculate the highest common factor of n and c.
6
Let q be (5 - 3)/(10/215). What is the greatest common factor of 215 and q?
43
Let j = -116 - -186. Calculate the highest common divisor of 28 and j.
14
Let r(u) = u**2 - 4*u - 1. Let q be r(2). Let s = 5 - q. What is the greatest common divisor of 110 and s?
10
Let x be (2 + -2 + (1 - 0))*7. What is the greatest common factor of x and 2?
1
Let c(s) = 6*s - 3. Let x be c(2). Let a = x - -16. Let o be ((-5)/1)/((-2)/4). What is the highest common divisor of a and o?
5
Let m = 208 - 136. Suppose m - 2 = 2*h. Calculate the greatest common divisor of h and 5.
5
Let q(z) be the third derivative of -z**4/2 - z**3/2 - 4*z**2. Let l be q(-4). Suppose 7 = -2*v + l. Calculate the greatest common factor of 152 and v.
19
Let q = 18 + 32. Suppose 2 = -3*o + q. What is the highest common divisor of o and 8?
8
Let g(l) = 23*l + 30. Let a be g(6). Calculate the greatest common factor of a and 14.
14
Let q be 76/20*-2*-10. Suppose -q = -4*w + 3*d + d, w - 4*d = 13. Calculate the greatest common factor of 42 and w.
21
Let x be (-187)/(-5) + (-60)/(-100). What is the highest common factor of x and 38?
38
Let r be (0 + (-4)/4)*-31. What is the greatest common factor of 279 and r?
31
Suppose -2*c - n = -2*n + 12, 5*c - 5*n + 25 = 0. Let g be 85/4 - (-2)/(-8). Let p = c + g. Calculate the greatest common divisor of p and 35.
7
Let n(o) = 143*o + 1. Let u be n(1). Let l be (-10 + 8)/((-2)/u). What is the highest common divisor of l and 16?
16
Let n(x) = x + 4. Let c be n(21). Calculate the greatest common divisor of c and 10.
5
Let n(x) = x**2 + 10*x - 13. Let r be n(-12). What is the highest common factor of r and 22?
11
Let a(u) = 3*u**2 + 9*u - 2. Let c be a(-4). Suppose 5*v - 173 = -23. What is the greatest common divisor of c and v?
10
Suppose 5*m = -2*y + 9, 0*m = 5*y - 4*m - 72. Let o be 5/(45/24)*y. Calculate the greatest common divisor of o and 48.
16
Let n be ((-3)/4)/(2/24). Let r be ((-12)/10)/(n/30). Suppose y = -4*x + r*y + 36, -x = -3*y. What is the greatest common divisor of 48 and x?
12
Let d(x) = 0*x**2 + 3*x**2 + 10*x - 2*x**2 - 1. Let t be d(-11). What is the highest common divisor of 40 and t?
10
Suppose -4*d - 56 = -6*x + 2*x, 0 = -x + 3*d + 22. Let l(h) = 2*h**3 - 6*h**2 + h + 4. Let u be l(4). Calculate the highest common divisor of u and x.
10
Suppose 0*u + 84 = 2*u. Suppose 52 = 4*i - 8. Let x be (-1)/(-5) - (-942)/i. What is the greatest common divisor of u and x?
21
Let x = -30 - -45. What is the highest common divisor of 5 and x?
5
Let s(h) = -h - 6. Let c(z) = -5*z - 25. Let v(x) = 6*c(x) - 25*s(x). Let m be v(-1). What is the highest common divisor of m and 15?
5
Suppose -3*b - 10 + 37 = 0. Let o be 286/39 - 15/(-9). What is the highest common factor of b and o?
9
Suppose 0*h = -2*h + 14. Let v = -2 + 4. Suppose v*y + 147 = 5*y. What is the highest common divisor of h and y?
7
Let f = -17 + 9. Let x = 30 + f. Suppose 17 = 3*q - 16. Calculate the greatest common factor of q and x.
11
Suppose 0 = a + 2*a - 54. Suppose 603 = 3*p + 3*g, p = 4*p - 4*g - 582. What is the highest common divisor of p and a?
18
Suppose 5*i + 5*p - 1095 = 0, 2*p = -3*i + 220 + 434. Suppose -5*m + i = -2*m. Calculate the highest common divisor of 48 and m.
24
Let l be 6/(-27) + 58/18. Suppose -3*s = -l*q + 210, -2*q + 8*s + 152 = 3*s. Calculate the greatest common divisor of q and 6.
6
Suppose 6*a = 5*g + 3*a - 64, -3*g + 5*a = -32. Suppose 2*d - 3*x = -x - g, d = -3*x + 1. Let w = d + 9. What is the highest common factor of w and 1?
1
Let m be -4 + -3 + 4 + 66. What is the greatest common divisor of 7 and m?
7
Suppose -3*k + 6 = -4*i - 1, 5*k = 3*i + 19. Let r be ((-9)/(-24))/(6/48). Calculate the greatest common divisor of i and r.
1
Let x be 4 + 2 + 0 + -3. Calculate the highest common divisor of x and 3.
3
Suppose -a + 0*a = -5*g - 39, 0 = 4*a + 5*g - 281. Calculate the highest common factor of a and 8.
8
Suppose -54 = -6*y + 54. Suppose 3*m = 2*x - 0*x - y, -3*m = 0. What is the greatest common factor of x and 63?
9
Suppose 0 = -0*m - 3*m + 54. Let u be ((-10)/(-4))/(3/m). Let o(d) = -2*d**3 - 2*d**2 + 3*d + 3. Let h be o(-2). What is the highest common divisor of u and h?
5
Let n be -6*2/(2 + -6). Let r(w) = 3*w + 3. Let b be r(n). Calculate the greatest common factor of b and 48.
12
Let r = 18 - 12. Let y be (-24)/(-9) - (-2)/r. Suppose -3*c - 42 = d - 4*d, y*c - 54 = -5*d. What is the greatest common factor of 60 and d?
12
Suppose 112 = v + 3*v. Suppose j + u = -u + 6, 4*j + 4*u - v = 0. Suppose 30 = 4*f - 34. Calculate the greatest common factor of f and j.
8
Let h = 10 + 3. Suppose 3*t + 7 = 5*a - 18, -a + 2*t = -5. Suppose -5*f - 3*n + 496 = 168, 0 = -a*f - 5*n + 330. What is the greatest common divisor of h and f?
13
Suppose 5*s = 5*r + 125, 5*s - r - 33 - 100 = 0. Calculate the highest common divisor of 3 and s.
3
Suppose -5*o + 80 = -n, -14 = o - 3*o + 4*n. What is the greatest common factor of o and 85?
17
Suppose -i + 15 = -90. What is the greatest common factor of 15 and i?
15
Suppose -3*m + 114 = k - 0*k, 3*k - 4*m = 355. What is the highest common divisor of k and 9?
9
Let r = 10 - 6. Suppose 3*d = 4*d - r*h - 12, -2*h = d - 12. What is the greatest common factor of 3 and d?
3
Let i be (-3 - -2)*2/(-2). Let l(s) = 10 + 5 + s - i. Let p be l(0). Calculate the highest common divisor of p and 42.
14
Let h = -14 - -15. What is the greatest common divisor of 2 and h?
1
Let u(f) = 2*f + 2. Let w be u(3). Let o = 15 + 9. Calculate the highest common divisor of o and w.
8
Let x(l) = l**2 - 2*l - 7. Let q be x(-5). Calculate the highest common divisor of 56 and q.
28
Suppose 0*k = 3*k - 15. Calculate the highest common factor of 2 and k.
1
Let y = 3 - 1. Let b = y + 6. Calculate the greatest common divisor of 4 and b.
4
Let n(a) = 2*a**2 + 6*a - 11. Let l be n(-5). What is the greatest common divisor of 99 and l?
9
Let i(j) = -j**3 + 4*j**2 + 6*j + 5. Let v be i(-5). Calculate the highest common divisor of 25 and v.
25
Let d = 4 - 0. Let o be d/(-18) + 116/36. What is the greatest common divisor of o and 1?
1
Let t(d) = d**3 + 6*d**2 - 9*d - 6. Let n be t(-7). Calculate the greatest common factor of n and 12.
4
Let h = 68 - 58. What is the greatest common factor of 5 and h?
5
Suppose -15 = 3*j, 0 = 3*f - 7*f + 2*j + 